{"id":2,"date":"2021-05-29T21:07:27","date_gmt":"2021-05-29T19:07:27","guid":{"rendered":"http:\/\/seggfrk.cluster020.hosting.ovh.net\/?page_id=2"},"modified":"2023-10-06T16:11:09","modified_gmt":"2023-10-06T14:11:09","slug":"informations","status":"publish","type":"page","link":"https:\/\/segg.fr\/index.php\/informations\/","title":{"rendered":"Syndicat des Eaux Garonne Gascogne"},"content":{"rendered":"\n<p><\/p>\n\n\n\n<p>Les communes associ\u00e9es pour composer le Syndicat des Eaux Garonne Gascogne sont les suivantes : ANTAGNAC \u2013 ARGENTON \u2013 BOUGLON \u2013 COCUMONT \u2013 COUTHURES SUR GARONNE \u2013 GAUJAC \u2013 GU\u00c9RIN \u2013 MARCELLUS \u2013 MEILHAN SUR GARONNE \u2013 MONTPOUILLAN (AEP) \u2013 POUSSIGNAC \u2013 ROMESTAING \u2013 RUFFIAC \u2013 SAINT SAUVEUR DE MEILHAN \u2013 SAMAZAN \u2013<\/p>\n\n\n\n<p>Pr\u00e9sidente : Mme R\u00e9gine POVEDA<\/p>\n\n\n\n<p><\/p>\n\n\n\n<h2>Exploitation et coordonn\u00e9es du d\u00e9l\u00e9gataire<\/h2>\n\n\n\n<p>La soci\u00e9t\u00e9 Veolia Eau a la responsabilit\u00e9 du fonctionnement des ouvrages, de leur entretien et de la permanence du service.<br>Le Syndicat garde la ma\u00eetrise des investissements et la propri\u00e9t\u00e9 des ouvrages dans le cadre du contrat de d\u00e9l\u00e9gation.<\/p>\n\n\n\n<p> <h2>Permanences <\/h2><\/p>\n\n\n\n<p>La Mairie de Meilhan ouvre ses portes \u00e0 VEOLIA afin de facilit\u00e9 les d\u00e9marches des consommateurs, d&rsquo;\u00eatre toujours \u00e0 leur \u00e9coute et de r\u00e9pondre \u00e0 leurs attentes.<\/p>\n\n\n\n<p>La permanence est le mardi de 13h30 \u00e0 16h30, compl\u00e9t\u00e9e par le jeudi de 9h00 \u00e0 12h00 pendant le mois qui suit la facturation.<\/p>\n\n\n\n<figure class=\"wp-block-image size-large is-resized\"><img loading=\"lazy\" src=\"http:\/\/seggfrk.cluster020.hosting.ovh.net\/wp-content\/uploads\/2021\/05\/veolia-1024x316.png\" alt=\"\" class=\"wp-image-192\" width=\"580\" height=\"178\" srcset=\"https:\/\/segg.fr\/wp-content\/uploads\/2021\/05\/veolia-1024x316.png 1024w, https:\/\/segg.fr\/wp-content\/uploads\/2021\/05\/veolia-300x93.png 300w, https:\/\/segg.fr\/wp-content\/uploads\/2021\/05\/veolia-768x237.png 768w, https:\/\/segg.fr\/wp-content\/uploads\/2021\/05\/veolia.png 1203w\" sizes=\"(max-width: 580px) 100vw, 580px\" \/><\/figure>\n\n\n\n<p>T\u00e9l\u00e9phone : <strong>05 61 80 09 02<\/strong><\/p>\n\n\n\n<p><a href=\"http:\/\/www.service-client.veoliaeau.fr\/\">http:\/\/www.service-client.veoliaeau.fr\/<\/a><\/p>\n\n\n\n<p><\/p>\n","protected":false},"excerpt":{"rendered":"<p>Les communes associ\u00e9es pour composer le Syndicat des Eaux Garonne Gascogne sont les suivantes : ANTAGNAC \u2013 ARGENTON \u2013 BOUGLON \u2013 COCUMONT \u2013 COUTHURES SUR GARONNE \u2013 GAUJAC \u2013 GU\u00c9RIN [&hellip;]<\/p>\n","protected":false},"author":1,"featured_media":0,"parent":0,"menu_order":0,"comment_status":"closed","ping_status":"open","template":"","meta":[],"_links":{"self":[{"href":"https:\/\/segg.fr\/index.php\/wp-json\/wp\/v2\/pages\/2"}],"collection":[{"href":"https:\/\/segg.fr\/index.php\/wp-json\/wp\/v2\/pages"}],"about":[{"href":"https:\/\/segg.fr\/index.php\/wp-json\/wp\/v2\/types\/page"}],"author":[{"embeddable":true,"href":"https:\/\/segg.fr\/index.php\/wp-json\/wp\/v2\/users\/1"}],"replies":[{"embeddable":true,"href":"https:\/\/segg.fr\/index.php\/wp-json\/wp\/v2\/comments?post=2"}],"version-history":[{"count":5,"href":"https:\/\/segg.fr\/index.php\/wp-json\/wp\/v2\/pages\/2\/revisions"}],"predecessor-version":[{"id":829,"href":"https:\/\/segg.fr\/index.php\/wp-json\/wp\/v2\/pages\/2\/revisions\/829"}],"wp:attachment":[{"href":"https:\/\/segg.fr\/index.php\/wp-json\/wp\/v2\/media?parent=2"}],"curies":[{"name":"wp","href":"https:\/\/api.w.org\/{rel}","templated":true}]}}